 348?
120
Calculate the remainder when 2068998 is divided by 1034338.
322
Calculate the remainder when 21981 is divided by 33.
3
Calculate the remainder when 1077768 is divided by 2204.
12
Calculate the remainder when 29153 is divided by 527.
168
Calculate the remainder when 3181452 is divided by 622.
544
Calculate the remainder when 210942 is divided by 3094.
550
Calculate the remainder when 230152 is divided by 1967.
13
What is the remainder when 16420803 is divided by 45?
33
Calculate the remainder when 21241 is divided by 18401.
2840
Calculate the remainder when 81860 is divided by 6293.
51
Calculate the remainder when 4851591 is divided by 2318.
17
Calculate the remainder when 2126047 is divided by 265755.
7
What is the remainder when 2324423 is divided by 241?
219
Calculate the remainder when 59434 is divided by 19594.
652
What is the remainder when 11509232 is divided by 541?
539
Calculate the remainder when 239842 is divided by 734.
558
What is the remainder when 4847 is divided by 593?
103
What is the remainder when 841146 is divided by 5054?
2182
Calculate the remainder when 30488549 is divided by 3589.
3583
Calculate the remainder when 5558229 is divided by 2779113.
3
What is the remainder when 36984802 is divided by 13?
10
Calculate the remainder when 2208222 is divided by 210.
72
Calculate the remainder when 18739945 is divided by 2495.
0
What is the remainder when 19538654 is divided by 3275?
4
Calculate the remainder when 2699604 is divided by 8.
4
Calculate the remainder when 17988567 is divided by 513.
222
What is the remainder when 1456597 is divided by 17745?
1507
Calculate the remainder when 24479 is divided by 24463.
16
What is the remainder when 354068348 is divided by 48?
44
Calculate the remainder when 74858 is divided by 3935.
93
What is the remainder when 7063 is divided by 275?
188
Calculate the remainder when 959154 is divided by 1277.
127
What is the remainder when 305108 is divided by 198?
188
Calculate the remainder when 1004526 is divided by 77.
61
Calculate the remainder when 1609 is divided by 1387.
222
Calculate the remainder when 283522 is divided by 3117.
2992
Calculate the remainder when 319518 is divided by 1371.
75
What is the remainder when 456782 is divided by 6816?
110
What is the remainder when 11994207 is divided by 6260?
47
What is the remainder when 1818970 is divided by 363770?
120
Calculate the remainder when 650157 is divided by 7388.
13
What is the remainder when 12142518 is divided by 26?
24
Calculate the remainder when 188838201 is divided by 1673.
1672
Calculate the remainder when 45102 is divided by 675.
552
Calculate the remainder when 9944554 is divided by 2102.
2094
Calculate the remainder when 24128 is divided by 371.
13
Calculate the remainder when 358378 is divided by 178554.
1270
What is the remainder when 1885094 is divided by 377015?
19
What is the remainder when 692076522 is divided by 176?
170
What is the remainder when 142020 is divided by 3?
0
What is the remainder when 15617736 is divided by 1191?
153
Calculate the remainder when 3605286 is divided by 86.
80
Calculate the remainder when 3820929266 is divided by 13.
11
What is the remainder when 108033 is divided by 98?
37
What is the remainder when 227948179 is divided by 1234?
1231
What is the remainder when 2252485 is divided by 281559?
13
What is the remainder when 41575 is divided by 473?
424
What is the remainder when 286801 is divided by 1516?
277
Calculate the remainder when 21699320 is divided by 10060.
9960
Calculate the remainder when 17509589 is divided by 443.
14
Calculate the remainder when 40099 is divided by 319.
224
What is the remainder when 97476 is divided by 3250?
3226
What is the remainder when 498770 is divided by 14250?
20
Calculate the remainder when 434072 is divided by 54254.
40
What is the remainder when 10533583 is divided by 339793?
0
Calculate the remainder when 2324105 is divided by 1162008.
89
Calculate the remainder when 1034960 is divided by 22.
14
What is the remainder when 51722190 is divided by 1904?
30
What is the remainder when 494733356 is divided by 1072?
1068
Calculate the remainder when 5279422 is divided by 879897.
40
Calculate the remainder when 4493670 is divided by 1532.
314
Calculate the remainder when 4398967 is divided by 667.
102
Calculate the remainder when 148592129 is divided by 14859212.
9
What is the remainder when 13334747 is divided by 12724?
12719
What is the remainder when 5399593 is divided by 2417?
15
Calculate the remainder when 12788512 is divided by 237.
229
What is the remainder when 208377 is divided by 102?
93
Calculate the remainder when 1610376 is divided by 481.
469
Calculate the remainder when 28918110 is divided by 4819685.
0
What is the remainder when 92265 is divided by 45664?
937
Calculate the remainder when 685374 is divided by 77.
74
What is the remainder when 27822 is divided by 23713?
4109
Calculate the remainder when 1520289 is divided by 32.
1
What is the remainder when 1517827 is divided by 2082?
49
Calculate the remainder when 2205855 is divided by 2205828.
27
What is the remainder when 929031 is divided by 84446?
125
Calculate the remainder when 304800 is divided by 32.
0
Calculate the remainder when 623643 is divided by 6701.
450
Calculate the remainder when 5999747 is divided by 1999910.
17
Calculate the remainder when 1465686 is divided by 63724.
34
What is the remainder when 423686 is divided by 173?
9
What is the remainder when 1990477 is divided by 889?
6
Calculate the remainder when 10361057 is divided by 1294.
1293
Calculate the remainder when 410728 is divided by 2997.
139
Calculate the remainder when 4391536 is divided by 95465.
146
Calculate the remainder when 3853960 is divided by 3853960.
0
What is the remainder when 325717763 is divided by 3732?
3731
What is the remainder when 309797 is divided by 8530?
2717
Calculate the remainder when 682124 is divided by 5062.
3816
What is the remainder when 997554 is divided by 199510?
4
Calculate the remainder when 186316021 is divided by 34.
33
What is the remainder when 1297095 is divided by 344?
215
What is the remainder when 2289950 is divided by 36347?
89
Calculate the remainder when 2172559 is divided by 2069.
109
Calculate the remainder when 6275240 is divided by 896460.
20
What is the remainder when 7157717 is divided by 21889?
14
Calculate the remainder when 7462068 is divided by 1409.
4
Calculate the remainder when 20095017 is divided by 1408.
41
Calculate the remainder when 39258141 is divided by 1259.
3
What is the remainder when 1025400 is divided by 370?
130
What is the remainder when 580261 is divided by 3022?
37
Calculate the remainder when 1545893 is divided by 771692.
2509
What is the remainder when 1048766 is divided by 1364?
1214
What is the remainder when 478766 is divided by 416?
366
Calculate the remainder when 232636 is divided by 76868.
2032
Calculate the remainder when 35952 is divided by 2765.
7
What is the remainder when 164252 is divided by 2526?
62
What is the remainder when 43936 is divided by 21795?
346
What is the remainder when 57979 is divided by 1620?
1279
Calculate the remainder when 1990823 is divided by 995309.
205
What is the remainder when 28344 is divided by 3633?
2913
What is the remainder when 4827497 is divided by 16?
9
What is the remainder when 2181244 is divided by 41?
3
What is the remainder when 243132 is divided by 7800?
1332
Calculate the remainder when 2305874 is divided by 1152889.
96
What is the remainder when 3066390 is divided by 219027?
12
Calculate the remainder when 346212 is divided by 2652.
1452
What is the remainder when 459173 is divided by 18732?
9605
What is the remainder when 58581593 is divided by 168?
161
Calculate the remainder when 130829769 is divided by 43609921.
6
What is the remainder when 34357169 is divided by 5151?
5150
What is the remainder when 12993756 is divided by 406054?
28
What is the remainder when 117867148 is divided by 270?
268
Calculate the remainder when 661756 is divided by 417.
394
What is the remainder when 1267390 is divided by 508?
438
What is the remainder when 7298365 is divided by 606?
307
What is the remainder when 757777 is divided by 28600?
14177
What is the remainder when 54936 is div